{"id":121,"date":"2025-07-10T14:01:15","date_gmt":"2025-07-10T12:01:15","guid":{"rendered":"https:\/\/pwborowczyk.pl\/?page_id=121"},"modified":"2025-07-10T14:48:32","modified_gmt":"2025-07-10T12:48:32","slug":"przetwarzanie-odpadow-2","status":"publish","type":"page","link":"https:\/\/pwborowczyk.pl\/?page_id=121","title":{"rendered":""},"content":{"rendered":"\n<blockquote class=\"wp-block-quote is-style-plain is-layout-flow wp-block-quote-is-layout-flow\">\n<p><\/p>\n<\/blockquote>\n\n\n\n<h3 class=\"wp-block-heading has-pale-cyan-blue-background-color has-background\">Odwied\u017a stacj\u0119 paliw Slovnaft Partner Trzebnice<\/h3>\n\n\n\n<p class=\"has-white-background-color has-background\">Stacja paliw z paliwami najwy\u017cszej jako\u015bci \u2013 Slovnaft \u2013 Polska S.A.<\/p>\n\n\n<div class=\"wp-block-image\">\n<figure class=\"aligncenter size-large\"><img loading=\"lazy\" decoding=\"async\" width=\"1024\" height=\"276\" src=\"https:\/\/pwborowczyk.pl\/wp-content\/uploads\/2025\/07\/stacja-1024x276.png\" alt=\"\" class=\"wp-image-123\" srcset=\"https:\/\/pwborowczyk.pl\/wp-content\/uploads\/2025\/07\/stacja-1024x276.png 1024w, https:\/\/pwborowczyk.pl\/wp-content\/uploads\/2025\/07\/stacja-300x81.png 300w, https:\/\/pwborowczyk.pl\/wp-content\/uploads\/2025\/07\/stacja-768x207.png 768w, https:\/\/pwborowczyk.pl\/wp-content\/uploads\/2025\/07\/stacja.png 1513w\" sizes=\"auto, (max-width: 1024px) 100vw, 1024px\" \/><\/figure>\n<\/div>\n\n\n<p class=\"has-white-background-color has-background\">Nasza stacja paliw to miejsce, w kt\u00f3rym znajdziesz paliwa wysokiej jako\u015bci, dostarczane przez renomowan\u0105 firm\u0119 Slovnaft \u2013 Polska S.A. Oferujemy szeroki wyb\u00f3r paliw, w tym benzyn\u0119 95, olej nap\u0119dowy (ON) oraz gaz LPG. Doskona\u0142a jako\u015b\u0107 naszych produkt\u00f3w i ich regularna dost\u0119pno\u015b\u0107 to podstawy naszej oferty, co zapewnia wysok\u0105 satysfakcj\u0119 klient\u00f3w.<br><br>Ka\u017cdego dnia dok\u0142adamy wszelkich stara\u0144, aby paliwa oferowane na naszej stacji by\u0142y nie tylko dobrej jako\u015bci, ale r\u00f3wnie\u017c dost\u0119pne w atrakcyjnych cenach, spe\u0142niaj\u0105cych oczekiwania nawet najbardziej wymagaj\u0105cych kierowc\u00f3w. Stawiamy na jako\u015b\u0107, bezpiecze\u0144stwo i komfort u\u017cytkowania, dlatego dbamy o ka\u017cdy szczeg\u00f3\u0142, aby zakup paliwa na naszej stacji by\u0142 szybki, wygodny i bezproblemowy.<br><br>Nasza oferta paliw:<\/p>\n\n\n\n<ul class=\"wp-block-list has-white-background-color has-background\">\n<li>Paliwo 95 \u2013 benzyna bezo\u0142owiowa 95, idealna do wi\u0119kszo\u015bci silnik\u00f3w spalinowych,<\/li>\n\n\n\n<li>ON (olej nap\u0119dowy) \u2013 olej nap\u0119dowy, kt\u00f3ry zapewnia niezawodno\u015b\u0107 i wydajno\u015b\u0107 silnik\u00f3w diesla,<\/li>\n\n\n\n<li>Gaz LPG \u2013 ekonomiczne i ekologiczne paliwo, idealne do pojazd\u00f3w z instalacj\u0105 LPG,<\/li>\n\n\n\n<li>Gaz w butlach \u2013 dost\u0119pny na naszej stacji, w r\u00f3\u017cnych pojemno\u015bciach, idealny do domowych zastosowa\u0144,<\/li>\n\n\n\n<li>Myjnia bezobs\u0142ugowa.<\/li>\n<\/ul>\n\n\n\n<p class=\"has-white-background-color has-background\">Nasza stacja paliw to tak\u017ce miejsce, w kt\u00f3rym znajdziesz wygodne p\u0142atno\u015bci, szeroki zakres us\u0142ug dodatkowych oraz dogodn\u0105 lokalizacj\u0119 \u2013 zapewniamy pe\u0142n\u0105 wygod\u0119 zar\u00f3wno dla kierowc\u00f3w osobowych, jak i flot firmowych.<\/p>\n\n\n\n<p class=\"has-white-background-color has-background\"><strong>Sklep na naszej stacji paliw to wygodne miejsce na szybkie zakupy w trasie<\/strong>!<\/p>\n\n\n\n<p class=\"has-white-background-color has-background\">Nasz sklep przy stacji paliw oferuje szeroki asortyment produkt\u00f3w, kt\u00f3ry zaspokoi potrzeby zar\u00f3wno kierowc\u00f3w, jak i pasa\u017cer\u00f3w. Znajdziesz u nas bogaty wyb\u00f3r alkoholi, papieros\u00f3w, s\u0142odyczy, chips\u00f3w, napoj\u00f3w gazowanych i sok\u00f3w \u2013 wszystko, co przyda si\u0119 w podr\u00f3\u017cy lub na szybki post\u00f3j.<br><br>W ofercie posiadamy r\u00f3wnie\u017c akcesoria i artyku\u0142y motoryzacyjne, niezb\u0119dne do codziennej eksploatacji samochodu. Oferujemy m.in.:<\/p>\n\n\n\n<ul class=\"wp-block-list has-white-background-color has-background\">\n<li>oleje silnikowe i dodatki do paliw,<\/li>\n\n\n\n<li>p\u0142yny do spryskiwaczy i p\u0142yny do ch\u0142odnic,<\/li>\n\n\n\n<li>odmra\u017cacze do szyb, zapachy samochodowe, bezpieczniki i inne drobne cz\u0119\u015bci.<\/li>\n<\/ul>\n\n\n\n<p class=\"has-white-background-color has-background\">Dbamy o to, aby nasz sklep by\u0142 zawsze dobrze zaopatrzony i zapewnia\u0142 szybki dost\u0119p do najpotrzebniejszych produkt\u00f3w. To idealne miejsce, by uzupe\u0142ni\u0107 zapasy w podr\u00f3\u017cy, zadba\u0107 o auto lub zrobi\u0107 szybkie zakupy podczas tankowania.<br><br><strong>Szukasz stacji paliw oferuj\u0105cej niezawodne paliwa w atrakcyjnych cenach? Skontaktuj si\u0119 z nami lub odwied\u017a nasz\u0105 stacj\u0119, aby skorzysta\u0107 z najlepszej oferty paliwowej!<\/strong><\/p>\n\n\n\n<div style=\"display: flex; justify-content: center;\">\n  <iframe\n    src=\"https:\/\/www.google.com\/maps\/embed?pb=!1m18!1m12!1m3!1d1245.2037472137363!2d16.02008434593784!3d51.37718831460798!2m3!1f0!2f0!3f0!3m2!1i1024!2i768!4f13.1!3m3!1m2!1s0x470f4279f712bcab%3A0x7a2e405439cb234e!2sSTACJA%20PALIW%20Przedsi%C4%99biorstwo%20Wielobran%C5%BCowe%20Borowczyk%20Joanna%20Borowczyk!5e0!3m2!1spl!2spl!4v1752148946561!5m2!1spl!2spl\"\n    width=\"100%\"\n    height=\"450\"\n    style=\"max-width: 800px; border: 0;\"\n    allowfullscreen=\"\"\n    loading=\"lazy\"\n    referrerpolicy=\"no-referrer-when-downgrade\">\n  <\/iframe>\n<\/div>\n\n\n\n<div class=\"wp-block-columns is-layout-flex wp-container-core-columns-is-layout-9d6595d7 wp-block-columns-is-layout-flex\">\n<div class=\"wp-block-column is-layout-flow wp-block-column-is-layout-flow\">\n<p class=\"has-text-align-center has-white-background-color has-background\"><strong>Adres i kontakt:<br><\/strong>Trzebnice 143a; 59-140 Chocian\u00f3w<br>&nbsp;76 817-44-36 |&nbsp;&nbsp;<a href=\"https:\/\/web.archive.org\/web\/20220520115058\/mailto:stacjapaliw@pwborowczyk.pl\">stacjapaliw@pwborowczyk.pl<\/a><\/p>\n<\/div>\n\n\n\n<div class=\"wp-block-column is-layout-flow wp-block-column-is-layout-flow\">\n<p class=\"has-text-align-center has-white-background-color has-background\"><strong>Godziny otwarcia:<\/strong><br>poniedzia\u0142ek \u2013 sobota 7:00-19:00<br>niedziele i \u015bwi\u0119ta 10:00-19:00<\/p>\n<\/div>\n<\/div>\n","protected":false},"excerpt":{"rendered":"<p>Odwied\u017a stacj\u0119 paliw Slovnaft Partner Trzebnice Stacja paliw z paliwami najwy\u017cszej jako\u015bci \u2013 Slovnaft \u2013 Polska S.A. Nasza stacja paliw to miejsce, w kt\u00f3rym znajdziesz paliwa wysokiej jako\u015bci, dostarczane przez renomowan\u0105 firm\u0119 Slovnaft \u2013 Polska S.A. Oferujemy szeroki wyb\u00f3r paliw, w tym benzyn\u0119 95, olej nap\u0119dowy (ON) oraz gaz LPG. Doskona\u0142a jako\u015b\u0107 naszych produkt\u00f3w i [&hellip;]<\/p>\n","protected":false},"author":1,"featured_media":0,"parent":2,"menu_order":0,"comment_status":"closed","ping_status":"closed","template":"full-width.php","meta":{"footnotes":""},"class_list":["post-121","page","type-page","status-publish","hentry"],"_links":{"self":[{"href":"https:\/\/pwborowczyk.pl\/index.php?rest_route=\/wp\/v2\/pages\/121","targetHints":{"allow":["GET"]}}],"collection":[{"href":"https:\/\/pwborowczyk.pl\/index.php?rest_route=\/wp\/v2\/pages"}],"about":[{"href":"https:\/\/pwborowczyk.pl\/index.php?rest_route=\/wp\/v2\/types\/page"}],"author":[{"embeddable":true,"href":"https:\/\/pwborowczyk.pl\/index.php?rest_route=\/wp\/v2\/users\/1"}],"replies":[{"embeddable":true,"href":"https:\/\/pwborowczyk.pl\/index.php?rest_route=%2Fwp%2Fv2%2Fcomments&post=121"}],"version-history":[{"count":9,"href":"https:\/\/pwborowczyk.pl\/index.php?rest_route=\/wp\/v2\/pages\/121\/revisions"}],"predecessor-version":[{"id":158,"href":"https:\/\/pwborowczyk.pl\/index.php?rest_route=\/wp\/v2\/pages\/121\/revisions\/158"}],"up":[{"embeddable":true,"href":"https:\/\/pwborowczyk.pl\/index.php?rest_route=\/wp\/v2\/pages\/2"}],"wp:attachment":[{"href":"https:\/\/pwborowczyk.pl\/index.php?rest_route=%2Fwp%2Fv2%2Fmedia&parent=121"}],"curies":[{"name":"wp","href":"https:\/\/api.w.org\/{rel}","templated":true}]}}